culate the highest common divisor of l and 180.
36
Let v = -241 - -256. Let z be (-4)/(-8) + 14/4. Suppose -2*x + z*x - 150 = 0. Calculate the greatest common factor of x and v.
15
Suppose 3*b + 60 = 2*l, b - 5*l = -4*l - 20. Let f be 135/b*(-24)/9. Let s = -317 - -362. What is the highest common divisor of s and f?
9
Suppose -93 = -3*n - 4*d, -5*n - 4*d - 53 + 216 = 0. What is the greatest common factor of n and 175?
35
Suppose -384 + 191 - 297 = -14*x. Calculate the highest common divisor of 2730 and x.
35
Let f = -63 + 65. Let o(g) = 6*g + 27. Let q be o(f). Calculate the greatest common divisor of q and 741.
39
Let t(h) = -h**3 - 15*h**2 + 10*h + 9. Let f be t(-16). Suppose -256 = -4*o + 668. Suppose 229*b = o*b - 30. Calculate the highest common factor of f and b.
15
Let x be 22 + (3 - 1 - -4). Suppose 49*j + x = 51*j. Let a be (-6)/9 + (-510)/(-9). What is the greatest common factor of j and a?
14
Suppose -10*x + 12*x - 4 = 0, 3*x - 524 = -2*z. What is the greatest common divisor of z and 119?
7
Let f be -204 + ((-7)/2 - (-1)/2). Let w = -54 + f. Let b = 389 + w. What is the greatest common factor of b and 32?
32
Let x be (2 - 46) + -4 + 5. Let f = x + -63. Let g = -42 - f. Calculate the highest common divisor of 24 and g.
8
Let w = -8252 - -8337. What is the greatest common divisor of 459 and w?
17
Let a(o) = -194*o - 2213. Let m be a(-22). What is the greatest common divisor of m and 20?
5
Suppose 3*o - 4*s + 210 = 0, 92 + 97 = -3*o - 3*s. Let v = o + 86. Calculate the greatest common divisor of v and 50.
10
Let y(w) = w - 3. Let q be y(-3). Let c(j) = -2*j - 11. Let f be c(q). Suppose -2*l + 5 = -7*l, -6 = -2*g + 2*l. What is the greatest common factor of f and g?
1
Suppose -2*h + 6*h = 104. Suppose 0 = r - 181 - 74. Suppose 6*t = 4*o + t - r, 3*t - 3 = 0. What is the highest common divisor of h and o?
13
Let h(u) = 5*u - 127. Let j be h(27). Suppose j + 52 = 6*b. What is the greatest common divisor of b and 5?
5
Suppose -4732*n + 4715*n + 19327 + 27848 = 0. What is the highest common divisor of 333 and n?
111
Let o be (0 - 28/7) + 544. What is the greatest common divisor of o and 2376?
108
Suppose 4*g - 292 = 3*y - 7*y, -4*g - 3*y + 292 = 0. Suppose -2*x - 310 = -2*c - 2*c, 5*x = c - g. Calculate the highest common divisor of 52 and c.
26
Let m(d) = 614*d - 3906. Let q be m(7). Let i(j) = j**2 + 5*j - 1. Let x be i(5). Calculate the greatest common factor of q and x.
49
Let n(u) = 48*u + 1. Let i be n(1). Let s = i - -11. Let t be 1*(-30)/(-75) - (-178)/5. Calculate the highest common divisor of s and t.
12
Let r = -8996 - -18355. What is the highest common divisor of 764 and r?
191
Let c(h) = 0*h**2 - 15 + 5*h + 2*h**2 - h**2. Let v = 4639 - 4647. Let z be c(v). What is the highest common divisor of 1 and z?
1
Let u(v) = -5*v**2 - 12*v + 1. Let s be u(-4). Let k = s - -39. Suppose 3*c - 88 = -w - k, -29 = -c + 2*w. Calculate the highest common divisor of c and 36.
9
Let i be 0/(-15) - (1 + -2 + -1). Suppose 0 = -w - i*a + 18, 5*a - 57 = -5*w + w. What is the highest common divisor of w and 128?
8
Let d be 2/7 + 190/70. Suppose -44*r - 11664 = -71*r. Suppose -r = -9*o - d*o. Calculate the highest common factor of 9 and o.
9
Let c = -122 - -143. Suppose -5 = -5*o, -6*o + 45 + c = m. Calculate the greatest common divisor of 15 and m.
15
Let d(y) = -y + 39. Suppose -12*x + 416 = -4*x. Suppose -5*i + 4*i - x = -4*s, 5*i - 39 = -3*s. Let b be d(s). Calculate the highest common factor of 65 and b.
13
Let r(y) = -2*y**2 + 14*y - 7. Let k be r(6). Suppose 0 = 3*x + g - 509, 3*x - k*g = -0*x + 479. What is the highest common factor of x and 42?
42
Suppose 3*t - 95 - 1 = 0. Suppose 16*n = 2*a + 13*n - 329, -5*a - 4*n = -788. What is the highest common divisor of t and a?
32
Let p(k) = k**3 + 30*k**2 + 30*k + 34. Let i be p(-29). Let z(c) = 7*c**2 - 19*c - 12. Let w be z(i). What is the greatest common divisor of w and 306?
34
Let u(x) be the first derivative of 9*x**2/2 - 76*x + 30. Let j be u(9). Calculate the greatest common factor of j and 16.
1
Let h(z) = 7*z**2 - 329*z + 10. Let t be h(47). What is the highest common factor of t and 370?
10
Let v be 207/((-2)/8*(-17 - 305/(-18))). Calculate the highest common factor of 72 and v.
72
Let w be (0 + 13 - (-16434)/(-1254)) + 1030/38. What is the greatest common factor of 3294 and w?
27
Let r = -2509 + 2705. What is the highest common factor of r and 14?
14
Suppose 6*k - 3 = 15. Suppose -4*a + 95 - 30 = 3*r, k*a = 2*r - 49. Calculate the greatest common divisor of 1 and r.
1
Let u = -194 - -196. Suppose -n + 213 = 3*k - 62, -10 = -u*n. Calculate the greatest common divisor of k and 150.
30
Let x be (2 + (-9 - 0))*-41. Let b be ((-328)/24 + 0)/((-1)/3). Calculate the greatest common factor of x and b.
41
Suppose 3*p - 2539 = -5*i - 1236, -4*p = 2*i - 1798. Suppose 171 = -0*k + k. What is the greatest common divisor of k and p?
57
Suppose -8 = 5*o + 17, 3*n - 502 = 5*o. Let q = 267 - n. Calculate the greatest common factor of q and 12.
12
Suppose -2*a + 2 + 26 = -4*c, 5*a - 30 = 2*c. Suppose -j - 3*r - 8 = 0, 6*j - 2*r - 10 = 2*j. Let g = a + j. Calculate the highest common factor of g and 65.
5
Let o be (-8)/(-32)*(2 + 6). Let g(t) = 2*t**2 - o - 14 - 7*t + 13. Let c be g(-3). What is the highest common divisor of 12 and c?
12
Let s be 279 + 16/2 + -3. Suppose 347 - s = 7*v. Calculate the greatest common factor of 18 and v.
9
Suppose 220*y - 231*y + 88 = 0. Calculate the greatest common divisor of 71 and y.
1
Let n(g) = -50*g + 353. Let y be n(7). What is the greatest common divisor of 426 and y?
3
Suppose 0*n = -6*n + 36. Let x(r) = 7*r - 23. Let s be x(n). Let v be 515/9 - (-3)/(-54)*4. Calculate the highest common divisor of s and v.
19
Let f(v) = -v**3 + 32*v**2 + 35*v - 174. Let l be f(27). What is the highest common divisor of 69 and l?
69
Let b(h) = -h**3 + 7*h**2 + 2*h + 1. Let z be b(5). Suppose -11*a - 15 + 11483 = 36*a. What is the greatest common divisor of a and z?
61
Suppose 96*n - 2824 - 3050 = -82*n. Calculate the greatest common factor of n and 407.
11
Let u = 446 + -668. Let p = u + 369. Let y be (-2)/(16/(-136)) - -4. Calculate the highest common divisor of y and p.
21
Let t(i) = 6*i**3 - 36*i**2 + 14*i + 21. Let d be t(6). Calculate the greatest common divisor of d and 700.
35
Let l be (-3 + 194/(-14))*(-1694)/22. What is the highest common divisor of l and 66?
22
Suppose p = -0*p + 7*p. Suppose -2*m - 3*g + 745 = p, -m - g = -2*g - 385. What is the greatest common divisor of 38 and m?
38
Suppose 0 = 5*t - 6 + 21. Let s be (31/(-4) + -2)/(t/4). What is the greatest common divisor of s and 13?
13
Let h = 20131 + -19947. Calculate the highest common factor of 69 and h.
23
Let k be 139 + (2*(-3)/2 - -2). Let u be ((-1)/(5/24))/(126/(-630)). Calculate the greatest common factor of u and k.
6
Suppose 0 = -3*o + 6*v - 2*v + 146, -255 = -5*o - 5*v. Let s be o/6 - (1 + 8/(-12)). Suppose -3*u + s*u = 90. Calculate the greatest common factor of 18 and u.
18
Let y(k) be the first derivative of -k**4/2 + k**3 + k**2/2 - 2*k + 1. Let i = -6 - -4. Let l be y(i). What is the highest common divisor of 3 and l?
3
Let y be ((-1482)/42 + 1)/(8/112). Let g = y + 500. Let u(t) = -110*t. Let x be u(-2). What is the highest common divisor of x and g?
20
Suppose -232 = 3*t + 2*z - 1288, -4*z - 1760 = -5*t. Suppose 16*y - t = 176. Suppose 98 = -9*r + 296. What is the highest common divisor of y and r?
11
Suppose -2*c - 640 = -5*k, -5*k + 0*c + 670 = 4*c. Let b be ((-36)/(-22))/(97 - 170624/1760). Calculate the greatest common factor of k and b.
10
Suppose 7*a + 683 + 6289 = 0. Let p = -292 - a. What is the highest common factor of 44 and p?
44
Suppose -17*q + 3*r = -13*q - 2933, -r = q - 742. Calculate the greatest common divisor of 11 and q.
11
Let h = -28020 + 70896. Calculate the highest common factor of h and 108.
108
Let f(y) = 2*y**2 - 17*y + 5. Let w be f(8). Let l be 9/(54/114) + w. What is the greatest common factor of l and 496?
16
Suppose -4*g - 3*h = -63772, -37*g = -35*g + 5*h - 31900. Calculate the greatest common divisor of 20 and g.
20
Let j be 19*9 - ((-15)/(35/(-7)))/1. Let x = 66 - 24. Calculate the greatest common divisor of j and x.
42
Let x be (-115460)/(-368) - 14/8. What 